{"id":1095,"date":"2023-01-09T14:58:15","date_gmt":"2023-01-09T14:58:15","guid":{"rendered":"http:\/\/rejsebilen.dk\/?page_id=1095"},"modified":"2025-01-28T19:14:19","modified_gmt":"2025-01-28T19:14:19","slug":"brizy-1095","status":"publish","type":"page","link":"http:\/\/rejsebilen.dk\/?page_id=1095","title":{"rendered":"Ombord i Rejsebilen"},"content":{"rendered":"<div class=\"brz-root__container brz-reset-all brz brz-root__container-page\">\n<section id=\"_ssmdyvxmjzwhmefcghtxstvkhlfohhbkcxng\" class=\"brz-section brz-css-14gtlt6\">\n<div class=\"brz-section__content brz-section--boxed brz-css-pw40oc brz-css-1jzz6kk\" data-brz-custom-id=\"ddsbbtvweztphdciryotnlhmloxzwimwkvxe\">\n<div class=\"brz-container brz-css-wam9ol\">\n<div class=\"brz-row__container brz-css-1yj7ea7\" data-brz-custom-id=\"fdpmvpnmxerimkijilwusgqodywemgcolbfc\">\n<div class=\"brz-bg\"><\/div>\n<div class=\"brz-row brz-css-15hy65h brz-css-qz0dso\">\n<div class=\"brz-columns brz-css-1u5t3w3 brz-css-16dr8d3\" data-brz-custom-id=\"oltjritrnsenqfasmdkciqxkyegxkdpcvgsw\">\n<div class=\"brz-bg\"><\/div>\n<div class=\"brz-column__items brz-css-lk5huj\">\n<div id=\"\" class=\"brz-css-wt0a4k brz-wrapper\">\n<div class=\"brz-image brz-css-5e9ibl\" data-brz-custom-id=\"byjareaafnxwaggloampgnlbpdvladkkmdwq\"><picture class=\"brz-picture brz-d-block brz-p-relative brz-css-16dqm37\"><source srcset=\"https:\/\/rejsebilen.dk\/wp-content\/uploads\/brizy\/imgs\/cropped-rejsebilen.logo_.16-9.Black_.HD_.Transparent.-1-1-640x280x133x0x374x280x1672921560.png 1x, https:\/\/rejsebilen.dk\/wp-content\/uploads\/brizy\/imgs\/cropped-rejsebilen.logo_.16-9.Black_.HD_.Transparent.-1-1-1280x560x266x0x748x560x1672921560.png 2x\" media=\"(min-width: 992px)\"><source srcset=\"https:\/\/rejsebilen.dk\/wp-content\/uploads\/brizy\/imgs\/cropped-rejsebilen.logo_.16-9.Black_.HD_.Transparent.-1-1-406x177x84x0x237x177x1672921560.png 1x, https:\/\/rejsebilen.dk\/wp-content\/uploads\/brizy\/imgs\/cropped-rejsebilen.logo_.16-9.Black_.HD_.Transparent.-1-1-812x354x168x0x474x354x1672921560.png 2x\" media=\"(min-width: 768px)\"><img decoding=\"async\" class=\"brz-img\" srcset=\"https:\/\/rejsebilen.dk\/wp-content\/uploads\/brizy\/imgs\/cropped-rejsebilen.logo_.16-9.Black_.HD_.Transparent.-1-1-602x263x125x0x353x263x1672921560.png 1x, https:\/\/rejsebilen.dk\/wp-content\/uploads\/brizy\/imgs\/cropped-rejsebilen.logo_.16-9.Black_.HD_.Transparent.-1-1-1204x526x250x0x706x526x1672921560.png 2x\" src=\"https:\/\/rejsebilen.dk\/wp-content\/uploads\/brizy\/imgs\/cropped-rejsebilen.logo_.16-9.Black_.HD_.Transparent.-1-1-640x280x133x0x374x280x1672921560.png\" alt=\"\" draggable=\"false\" loading=\"lazy\"><\/picture><\/div>\n<\/div>\n<\/div>\n<p><a class=\"brz-a brz-container-link\" href=\"https:\/\/youtu.be\/-RDqj_sfwX8\" target=\"_blank\" rel=\"noopener\" data-brz-link-type=\"external\"><\/a><\/div>\n<div class=\"brz-columns brz-css-1u5t3w3 brz-css-1ocd8qd\" data-brz-custom-id=\"kvqlywktusvwycqeqdfqammupsszaijmilbb\">\n<div class=\"brz-bg\"><\/div>\n<div class=\"brz-column__items brz-css-lk5huj brz-css-zlj3xa\">\n<div id=\"\" class=\"brz-css-wt0a4k brz-css-6vw539 brz-wrapper\">\n<div class=\"brz-rich-text brz-rich-text__custom brz-css-a56jbk\" data-brz-custom-id=\"ghzvxkmqthrcamctxahwovteuqcqehkqyhli\">\n<div data-brz-translate-text=\"1\">\n<p class=\"brz-tp-lg-heading2 brz-css-sLp42\" data-uniq-id=\"wuiqy\" data-generated-css=\"brz-css-mmjge\"><a class=\"brz-cp-color2 link--external\" href=\"https:\/\/youtu.be\/-RDqj_sfwX8\" data-brz-link-type=\"external\" target=\"_blank\" rel=\"noopener\">Ombord i Rejsebilen<\/a><\/p>\n<\/div>\n<\/div>\n<\/div>\n<div id=\"\" class=\"brz-css-wt0a4k brz-css-1av5zk4 brz-wrapper\">\n<div class=\"brz-spacer brz-css-1q2uxox brz-css-c1l4cy\"><\/div>\n<\/div>\n<div id=\"\" class=\"brz-css-wt0a4k brz-css-1av5zk4 brz-wrapper\">\n<div class=\"brz-spacer brz-css-1q2uxox brz-css-bg92t\"><\/div>\n<\/div>\n<div id=\"\" class=\"brz-css-wt0a4k brz-wrapper\">\n<div class=\"brz-rich-text brz-rich-text__custom brz-css-a56jbk\" data-brz-custom-id=\"ywycbxlkkbjsjxgqzfalgrnuqidqparxoapj\">\n<div data-brz-translate-text=\"1\">\n<p class=\"brz-tp-lg-paragraph brz-css-ca5vP\" data-generated-css=\"brz-css-frapw\" data-uniq-id=\"rwjsq\"><span class=\" brz-span\" style=\"color: rgb(13, 13, 13);\">Vi f\u00e5r rigtig mange henvendelser om Rejsebilens indretning og tekniske installationer. Vi har lavet denne lille video, hvor vi giver en rundtur i bilen og fort\u00e6ller lidt om hvordan vi bruger den. Velkommen indenfor.<\/span><\/p>\n<p class=\"brz-tp-lg-paragraph brz-css-eSY4v\" data-generated-css=\"brz-css-alcxt\" data-uniq-id=\"amrqb\"><\/p>\n<p class=\"brz-tp-lg-paragraph brz-css-zBaKb\" data-generated-css=\"brz-css-hfhxh\" data-uniq-id=\"ebcur\"><span class=\" brz-span\" style=\"color: rgb(13, 13, 13);\">Vi skal g\u00f8re opm\u00e6rksom p\u00e5, at vi ikke er sponsorerede af nogen, og de ting vi viser i filmen har vi selv k\u00f8bt og betalt &#8211; det er s\u00e5ledes ikke hensigten at reklamere for noget som helst &#8211; blot fort\u00e6lle hvordan vi har indrettet os. S\u00e5 <\/span><\/p>\n<p class=\"brz-tp-lg-paragraph brz-css-nkKyH\" data-generated-css=\"brz-css-hfhxh\" data-uniq-id=\"ebcur\"><span class=\" brz-span\" style=\"color: rgb(13, 13, 13);\">skulle disse regler for YouTube ogs\u00e5 v\u00e6re overholdt.<\/span><\/p>\n<\/div>\n<\/div>\n<\/div>\n<\/div>\n<p><a class=\"brz-a brz-container-link\" href=\"https:\/\/youtu.be\/-RDqj_sfwX8\" target=\"_self\" rel=\"noopener\" data-brz-link-type=\"external\"><\/a><\/div>\n<\/div>\n<\/div>\n<\/div>\n<\/div>\n<\/section>\n<section id=\"_ojxnvmnxooxfsqfcouzlinhvbmnozkgisxxy\" class=\"brz-section brz-css-14gtlt6\">\n<div class=\"brz-section__content brz-section--boxed brz-css-pw40oc brz-css-1j6kg2q\" data-brz-custom-id=\"sljukiubeqrrvoxlaqevhmrdmkrrhufdukww\">\n<div class=\"brz-bg\">\n<div class=\"brz-bg-color\"><\/div>\n<\/div>\n<div class=\"brz-container brz-css-wam9ol\">\n<div class=\"brz-row__container brz-css-1yj7ea7 brz-css-nssu54\" data-brz-custom-id=\"wersgkvcfpnhmuvnsigpysxjxxvlqyzpncbx\">\n<div class=\"brz-bg\"><\/div>\n<div class=\"brz-row brz-css-15hy65h brz-css-qz0dso\">\n<div class=\"brz-columns brz-css-1u5t3w3 brz-css-gvc0x\" data-brz-custom-id=\"wrwafdqxnknzstjbmsfpksmgmrxzvqfxxvbl\">\n<div class=\"brz-bg\"><\/div>\n<div class=\"brz-column__items brz-css-lk5huj brz-css-16ccgqh\">\n<div id=\"\" class=\"brz-css-wt0a4k brz-css-16635c0 brz-wrapper\">\n<div class=\"brz-rich-text brz-rich-text__custom brz-css-a56jbk\" data-brz-custom-id=\"ncdvymebwgfrkypflpjraslbymeeygnqsink\">\n<div data-brz-translate-text=\"1\">\n<p class=\"brz-tp-lg-paragraph brz-tp-sm-paragraph brz-text-lg-left brz-text-xs-center brz-tp-xs-paragraph brz-css-mJGBv\" data-generated-css=\"brz-css-uwbgi\" data-uniq-id=\"rtyyd\"><span class=\"brz-cp-color8\" style=\"opacity: 0.7;\">All rights reserved \u00a9 2023 by Rejsebilen.dk<\/span><\/p>\n<\/div>\n<\/div>\n<\/div>\n<\/div>\n<\/div>\n<div class=\"brz-columns brz-css-1u5t3w3\" data-brz-custom-id=\"pckfqdhsvmciokfgcmrkynpklmpyalkzmuuo\">\n<div class=\"brz-bg\"><\/div>\n<div class=\"brz-column__items brz-css-lk5huj brz-css-1oqmpii\">\n<div class=\"brz-wrapper-clone brz-css-55cyfy brz-css-1u1jcoa\">\n<div class=\"brz-d-xs-flex brz-flex-xs-wrap brz-css-fum6gm brz-css-s2rsk1\" data-brz-custom-id=\"\">\n<div class=\"brz-wrapper-clone__item\" id=\"uvzzqlgliucaqcstphfsopnwsikawtipcvim\">\n<div class=\"brz-icon__container\" data-brz-custom-id=\"uvzzqlgliucaqcstphfsopnwsikawtipcvim\"><a class=\"brz-a\" href=\"https:\/\/www.facebook.com\/rejsebilen.dk.5\" target=\"_self\" rel=\"noopener\" data-brz-link-type=\"external\"><span class=\"brz-icon brz-span brz-css-kzn78z brz-css-1l82cke\"><svg class=\"brz-icon-svg align-[initial]\"><use href=\"\/wp-content\/plugins\/brizy\/public\/editor-build\/prod\/editor\/icons\/glyph\/logo-fb-simple.svg#nc_icon\"><\/use><\/svg><\/span><\/a><\/div>\n<\/div>\n<div class=\"brz-wrapper-clone__item\" id=\"itgpqocihbtjvakndvqirnhogcajsfninhuw\">\n<div class=\"brz-icon__container\" data-brz-custom-id=\"itgpqocihbtjvakndvqirnhogcajsfninhuw\"><a class=\"brz-a\" href=\"https:\/\/studio.youtube.com\/channel\/UCfoIDbvoYmcMZbR6GDlDpZA\/content\/playlists\" target=\"_self\" rel=\"noopener\" data-brz-link-type=\"external\"><span class=\"brz-icon brz-span brz-css-kzn78z brz-css-baf3g9\"><svg class=\"brz-icon-svg align-[initial]\"><use href=\"\/wp-content\/plugins\/brizy\/public\/editor-build\/prod\/editor\/icons\/glyph\/logo-youtube.svg#nc_icon\"><\/use><\/svg><\/span><\/a><\/div>\n<\/div>\n<\/div>\n<\/div>\n<\/div>\n<\/div>\n<\/div>\n<\/div>\n<\/div>\n<\/div>\n<\/section>\n<\/div>\n<p>    <!-- version:1738091659 --><\/p>\n","protected":false},"excerpt":{"rendered":"<p>Ombord i Rejsebilen Vi f\u00e5r rigtig mange henvendelser om Rejsebilens indretning og tekniske installationer. Vi har lavet denne lille video, hvor vi giver en rundtur i bilen og fort\u00e6ller lidt om hvordan vi bruger den. Velkommen indenfor. Vi skal g\u00f8re opm\u00e6rksom p\u00e5, at vi ikke er sponsorerede af nogen, og de ting vi viser i [&hellip;]<\/p>\n","protected":false},"author":1,"featured_media":0,"parent":0,"menu_order":0,"comment_status":"closed","ping_status":"closed","template":"brizy-blank-template.php","meta":{"_uag_custom_page_level_css":"","site-sidebar-layout":"default","site-content-layout":"","ast-site-content-layout":"","site-content-style":"default","site-sidebar-style":"default","ast-global-header-display":"","ast-banner-title-visibility":"","ast-main-header-display":"","ast-hfb-above-header-display":"","ast-hfb-below-header-display":"","ast-hfb-mobile-header-display":"","site-post-title":"","ast-breadcrumbs-content":"","ast-featured-img":"","footer-sml-layout":"","theme-transparent-header-meta":"","adv-header-id-meta":"","stick-header-meta":"","header-above-stick-meta":"","header-main-stick-meta":"","header-below-stick-meta":"","astra-migrate-meta-layouts":"default","ast-page-background-enabled":"default","ast-page-background-meta":{"desktop":{"background-color":"var(--ast-global-color-4)","background-image":"","background-repeat":"repeat","background-position":"center center","background-size":"auto","background-attachment":"scroll","background-type":"","background-media":"","overlay-type":"","overlay-color":"","overlay-opacity":"","overlay-gradient":""},"tablet":{"background-color":"","background-image":"","background-repeat":"repeat","background-position":"center center","background-size":"auto","background-attachment":"scroll","background-type":"","background-media":"","overlay-type":"","overlay-color":"","overlay-opacity":"","overlay-gradient":""},"mobile":{"background-color":"","background-image":"","background-repeat":"repeat","background-position":"center center","background-size":"auto","background-attachment":"scroll","background-type":"","background-media":"","overlay-type":"","overlay-color":"","overlay-opacity":"","overlay-gradient":""}},"ast-content-background-meta":{"desktop":{"background-color":"var(--ast-global-color-5)","background-image":"","background-repeat":"repeat","background-position":"center center","background-size":"auto","background-attachment":"scroll","background-type":"","background-media":"","overlay-type":"","overlay-color":"","overlay-opacity":"","overlay-gradient":""},"tablet":{"background-color":"var(--ast-global-color-5)","background-image":"","background-repeat":"repeat","background-position":"center center","background-size":"auto","background-attachment":"scroll","background-type":"","background-media":"","overlay-type":"","overlay-color":"","overlay-opacity":"","overlay-gradient":""},"mobile":{"background-color":"var(--ast-global-color-5)","background-image":"","background-repeat":"repeat","background-position":"center center","background-size":"auto","background-attachment":"scroll","background-type":"","background-media":"","overlay-type":"","overlay-color":"","overlay-opacity":"","overlay-gradient":""}},"footnotes":""},"class_list":["post-1095","page","type-page","status-publish","hentry"],"uagb_featured_image_src":{"full":false,"thumbnail":false,"medium":false,"medium_large":false,"large":false,"1536x1536":false,"2048x2048":false},"uagb_author_info":{"display_name":"admin","author_link":"http:\/\/rejsebilen.dk\/?author=1"},"uagb_comment_info":0,"uagb_excerpt":"Ombord i Rejsebilen Vi f\u00e5r rigtig mange henvendelser om Rejsebilens indretning og tekniske installationer. Vi har lavet denne lille video, hvor vi giver en rundtur i bilen og fort\u00e6ller lidt om hvordan vi bruger den. Velkommen indenfor. Vi skal g\u00f8re opm\u00e6rksom p\u00e5, at vi ikke er sponsorerede af nogen, og de ting vi viser i&hellip;","_links":{"self":[{"href":"http:\/\/rejsebilen.dk\/index.php?rest_route=\/wp\/v2\/pages\/1095","targetHints":{"allow":["GET"]}}],"collection":[{"href":"http:\/\/rejsebilen.dk\/index.php?rest_route=\/wp\/v2\/pages"}],"about":[{"href":"http:\/\/rejsebilen.dk\/index.php?rest_route=\/wp\/v2\/types\/page"}],"author":[{"embeddable":true,"href":"http:\/\/rejsebilen.dk\/index.php?rest_route=\/wp\/v2\/users\/1"}],"replies":[{"embeddable":true,"href":"http:\/\/rejsebilen.dk\/index.php?rest_route=%2Fwp%2Fv2%2Fcomments&post=1095"}],"version-history":[{"count":4,"href":"http:\/\/rejsebilen.dk\/index.php?rest_route=\/wp\/v2\/pages\/1095\/revisions"}],"predecessor-version":[{"id":1099,"href":"http:\/\/rejsebilen.dk\/index.php?rest_route=\/wp\/v2\/pages\/1095\/revisions\/1099"}],"wp:attachment":[{"href":"http:\/\/rejsebilen.dk\/index.php?rest_route=%2Fwp%2Fv2%2Fmedia&parent=1095"}],"curies":[{"name":"wp","href":"https:\/\/api.w.org\/{rel}","templated":true}]}}